r when 548207 is divided by 5537.
44
Calculate the remainder when 129497 is divided by 42387.
2336
What is the remainder when 242046 is divided by 5500?
46
Calculate the remainder when 12929 is divided by 442.
111
Calculate the remainder when 677463906 is divided by 108.
102
Calculate the remainder when 60703 is divided by 620.
563
Calculate the remainder when 80212 is divided by 451.
385
What is the remainder when 19499341 is divided by 52?
17
What is the remainder when 68212 is divided by 34085?
42
What is the remainder when 74883 is divided by 74726?
157
Calculate the remainder when 88158608 is divided by 4057.
4055
What is the remainder when 197395 is divided by 106?
23
What is the remainder when 75384349 is divided by 17442?
25
Calculate the remainder when 1014202 is divided by 3647.
336
Calculate the remainder when 1334619 is divided by 42.
27
What is the remainder when 170897591 is divided by 33?
29
Calculate the remainder when 98336261 is divided by 30248.
13
What is the remainder when 2383534 is divided by 132418?
10
What is the remainder when 588282 is divided by 178?
170
Calculate the remainder when 27223751 is divided by 9.
2
Calculate the remainder when 45919562 is divided by 693.
689
Calculate the remainder when 31453231 is divided by 64986.
7
What is the remainder when 1509446 is divided by 327?
14
What is the remainder when 3390579 is divided by 42382?
19
Calculate the remainder when 9144298 is divided by 4572080.
138
What is the remainder when 18270885 is divided by 154838?
1
What is the remainder when 25800 is divided by 12774?
252
What is the remainder when 12309707 is divided by 4103234?
5
What is the remainder when 157369513 is divided by 15?
13
Calculate the remainder when 44254 is divided by 767.
535
What is the remainder when 260894 is divided by 130188?
518
What is the remainder when 6231669 is divided by 2077220?
9
Calculate the remainder when 12825 is divided by 6357.
111
What is the remainder when 2696960 is divided by 7640?
40
Calculate the remainder when 62202 is divided by 2686.
424
Calculate the remainder when 4460027 is divided by 281.
276
Calculate the remainder when 6207858 is divided by 94.
4
Calculate the remainder when 420633 is divided by 105039.
477
Calculate the remainder when 95766 is divided by 1923.
1539
What is the remainder when 8802659 is divided by 6388?
6383
Calculate the remainder when 103212 is divided by 5783.
4901
Calculate the remainder when 280082 is divided by 619.
294
What is the remainder when 290056227 is divided by 321927?
0
Calculate the remainder when 1375580 is divided by 5568.
284
Calculate the remainder when 116416579 is divided by 35.
34
What is the remainder when 55283 is divided by 4332?
3299
What is the remainder when 257155952 is divided by 794?
790
What is the remainder when 255337 is divided by 63810?
97
What is the remainder when 92102 is divided by 22945?
322
What is the remainder when 107393595 is divided by 539?
1
Calculate the remainder when 187010211 is divided by 5194728.
3
What is the remainder when 9400785 is divided by 64?
17
Calculate the remainder when 19761966 is divided by 9291.
9
Calculate the remainder when 10001820 is divided by 19087.
232
What is the remainder when 13170335 is divided by 4297?
30
Calculate the remainder when 3180876 is divided by 86.
80
Calculate the remainder when 699526603 is divided by 8467.
8464
What is the remainder when 419667 is divided by 46629?
6
Calculate the remainder when 161360077 is divided by 1261.
1256
What is the remainder when 4675 is divided by 129?
31
Calculate the remainder when 57708543 is divided by 11482.
11
Calculate the remainder when 12579039 is divided by 3144753.
27
Calculate the remainder when 272170 is divided by 271622.
548
Calculate the remainder when 451301 is divided by 225533.
235
Calculate the remainder when 3046647 is divided by 76166.
7
Calculate the remainder when 348346 is divided by 816.
730
Calculate the remainder when 206251 is divided by 200106.
6145
What is the remainder when 3019939 is divided by 377492?
3
Calculate the remainder when 25092652 is divided by 2137.
2135
Calculate the remainder when 54021 is divided by 2564.
177
What is the remainder when 43370911 is divided by 190?
181
What is the remainder when 27528 is divided by 2328?
1920
What is the remainder when 757755 is divided by 729?
324
Calculate the remainder when 182817040 is divided by 60939006.
22
What is the remainder when 8488051 is divided by 17113?
3
What is the remainder when 964719 is divided by 309?
21
What is the remainder when 12152 is divided by 2922?
464
What is the remainder when 2262233 is divided by 20?
13
What is the remainder when 3742832 is divided by 2248?
2160
What is the remainder when 20607230 is divided by 808?
806
What is the remainder when 16453080 is divided by 130580?
0
Calculate the remainder when 678164 is divided by 8477.
4
Calculate the remainder when 569338 is divided by 35582.
26
Calculate the remainder when 115479955 is divided by 2309599.
5
Calculate the remainder when 24314 is divided by 23927.
387
Calculate the remainder when 3617521 is divided by 180876.
1
What is the remainder when 247395644 is divided by 105?
104
Calculate the remainder when 987857 is divided by 1146.
5
What is the remainder when 44912 is divided by 11060?
672
What is the remainder when 114671 is divided by 56952?
767
What is the remainder when 19852295 is divided by 3354?
3323
Calculate the remainder when 613518 is divided by 5432.
5134
Calculate the remainder when 426559724 is divided by 13539.
13529
What is the remainder when 1225554 is divided by 153191?
26
What is the remainder when 790163 is divided by 158005?
138
Calculate the remainder when 6786576 is divided by 55.
16
Calculate the remainder when 8832 is divided by 1556.
1052
What is the remainder when 237041 is divided by 237018?
23
What is the remainder when 9036269 is divided by 418?
363
What is the remainder when 10269 is divided by 3648?
2973
Calculate the remainder when 18728878 is divided by 733.
728
What is the remainder when 843952 is divided by 2192?
32
Calculate the remainder when 161413 is divided by 4.
1
What is the remainder when 2452572 is divided by 719?
63
What is the remainder when 62318 is divided by 60608?
1710
Calculate the remainder when 323105 is divided by 161403.
299
What is the remainder when 3317 is divided by 1906?
1411
Calculate the remainder when 3939005 is divided by 53958.
71
What is the remainder when 184239 is divided by 244?
19
Calculate the remainder when 36225 is divided by 1555.
460
What is the remainder when 1886562 is divided by 48373?
15
What is the remainder when 48208202 is divided by 232?
226
What is the remainder when 315521215 is divided by 2527?
2522
Calculate the remainder when 3476806 is divided by 48.
22
Calculate the remainder when 151466 is divided by 49999.
1469
Calculate the remainder when 79797 is divided by 4181.
358
Calculate the remainder when 392410 is divided by 66.
40
Calculate the remainder when 430376 is divided by 119.
72
What is the remainder when 138425 is divided by 192?
185
Calculate the remainder when 154668 is divided by 1362.
762
Calculate the remainder when 24446207 is divided by 54.
29
What is the remainder when 270714 is divided by 135341?
32
What is the remainder when 492625 is divided by 1798?
1771
Calculate the remainder when 4205371 is divided by 1532.
31
What is the remainder when 15483 is divided by 967?
11
Calculate the remainder when 260139 is divided by 163.
154
What is the remainder when 58881177 is divided by 79?
28
What is the remainder when 14091659 is divided by 1089?
1088
What is the remainder when 150881 is divided by 1120?
801
Calculate the remainder when 9847081 is divided by 17.
1
Calculate the remainder when 678249 is divided by 4552.
1
What is the remainder when 89622838 is divided by 1739?
1734
Calculate the remainder when 1145867 is divided by 373.
11
Calculate the remainder when 17929179 is divided by 10.
9
Calculate the remainder when 319890 is divided by 17.
1
Calculate the remainder when 18281441 is divided by 767.
763
Calculate the remainder when 34772 is divided by 8660.
132
Calculate the remainder when 12432056 is divided by 521.
475
Calculate the remainder 